{"id":147,"date":"2025-03-01T21:37:05","date_gmt":"2025-03-02T00:37:05","guid":{"rendered":"https:\/\/maldives.com.ar\/minorista\/?post_type=product&#038;p=147"},"modified":"2026-01-26T17:01:03","modified_gmt":"2026-01-26T20:01:03","slug":"taza-chalten-350ml-2","status":"publish","type":"product","link":"https:\/\/maldives.com.ar\/minorista\/product\/taza-chalten-350ml-2\/","title":{"rendered":"Taza Chalten 350ml"},"content":{"rendered":"<p>Material: Acero Inoxidable Medidas: 11,5 cm de alto x 8,5 cm de di\u00e1metro.<br \/>\nT\u00e9rmica mantiene Fr\u00edo\/Calor<br \/>\nEl precio incluye el estampado.<\/p>\n<p>El proceso por el cual se realiza es sublimaci\u00f3n, el estampado no se sale con el tiempo.<\/p>\n<p>Se entrega en caja blanca lisa individual.<\/p>\n","protected":false},"excerpt":{"rendered":"<p>Material: Acero Inoxidable Medidas: 11,5 cm de alto x 8,5 cm de di\u00e1metro. T\u00e9rmica mantiene Fr\u00edo\/Calor El precio incluye el estampado. El proceso por el cual se realiza es sublimaci\u00f3n, el estampado no se sale con el tiempo. Se entrega en caja blanca lisa individual.<\/p>\n","protected":false},"featured_media":164,"comment_status":"open","ping_status":"closed","template":"","meta":[],"product_brand":[],"product_cat":[27],"product_tag":[],"class_list":{"0":"post-147","1":"product","2":"type-product","3":"status-publish","4":"has-post-thumbnail","6":"product_cat-drinkware","8":"first","9":"instock","10":"shipping-taxable","11":"purchasable","12":"product-type-simple"},"_links":{"self":[{"href":"https:\/\/maldives.com.ar\/minorista\/wp-json\/wp\/v2\/product\/147","targetHints":{"allow":["GET"]}}],"collection":[{"href":"https:\/\/maldives.com.ar\/minorista\/wp-json\/wp\/v2\/product"}],"about":[{"href":"https:\/\/maldives.com.ar\/minorista\/wp-json\/wp\/v2\/types\/product"}],"replies":[{"embeddable":true,"href":"https:\/\/maldives.com.ar\/minorista\/wp-json\/wp\/v2\/comments?post=147"}],"wp:featuredmedia":[{"embeddable":true,"href":"https:\/\/maldives.com.ar\/minorista\/wp-json\/wp\/v2\/media\/164"}],"wp:attachment":[{"href":"https:\/\/maldives.com.ar\/minorista\/wp-json\/wp\/v2\/media?parent=147"}],"wp:term":[{"taxonomy":"product_brand","embeddable":true,"href":"https:\/\/maldives.com.ar\/minorista\/wp-json\/wp\/v2\/product_brand?post=147"},{"taxonomy":"product_cat","embeddable":true,"href":"https:\/\/maldives.com.ar\/minorista\/wp-json\/wp\/v2\/product_cat?post=147"},{"taxonomy":"product_tag","embeddable":true,"href":"https:\/\/maldives.com.ar\/minorista\/wp-json\/wp\/v2\/product_tag?post=147"}],"curies":[{"name":"wp","href":"https:\/\/api.w.org\/{rel}","templated":true}]}}