{"id":151,"date":"2025-03-01T21:37:06","date_gmt":"2025-03-02T00:37:06","guid":{"rendered":"https:\/\/maldives.com.ar\/minorista\/?post_type=product&#038;p=151"},"modified":"2025-12-03T10:37:17","modified_gmt":"2025-12-03T13:37:17","slug":"vaso-termico-skinny-350ml","status":"publish","type":"product","link":"https:\/\/maldives.com.ar\/minorista\/product\/vaso-termico-skinny-350ml\/","title":{"rendered":"Vaso T\u00e9rmico Skinny 600ml"},"content":{"rendered":"<p>Material: Acero Inoxidable Medidas: 21 cm de alto x 7 cm de di\u00e1metro.<\/p>\n<p>T\u00e9rmico mantiene Fr\u00edo\/Calor Incluye bombilla de acero<\/p>\n<p>El precio incluye el estampado.<\/p>\n<p>El proceso por el cual se realiza es sublimaci\u00f3n, el estampado no se sale con el tiempo.<\/p>\n<p>Se entrega en caja blanca lisa individual.<\/p>\n","protected":false},"excerpt":{"rendered":"<p>Material: Acero Inoxidable Medidas: 21 cm de alto x 7 cm de di\u00e1metro. T\u00e9rmico mantiene Fr\u00edo\/Calor Incluye bombilla de acero El precio incluye el estampado. El proceso por el cual se realiza es sublimaci\u00f3n, el estampado no se sale con el tiempo. Se entrega en caja blanca lisa individual.<\/p>\n","protected":false},"featured_media":173,"comment_status":"open","ping_status":"closed","template":"","meta":[],"product_brand":[],"product_cat":[27],"product_tag":[],"class_list":{"0":"post-151","1":"product","2":"type-product","3":"status-publish","4":"has-post-thumbnail","6":"product_cat-drinkware","8":"first","9":"instock","10":"shipping-taxable","11":"purchasable","12":"product-type-simple"},"_links":{"self":[{"href":"https:\/\/maldives.com.ar\/minorista\/wp-json\/wp\/v2\/product\/151","targetHints":{"allow":["GET"]}}],"collection":[{"href":"https:\/\/maldives.com.ar\/minorista\/wp-json\/wp\/v2\/product"}],"about":[{"href":"https:\/\/maldives.com.ar\/minorista\/wp-json\/wp\/v2\/types\/product"}],"replies":[{"embeddable":true,"href":"https:\/\/maldives.com.ar\/minorista\/wp-json\/wp\/v2\/comments?post=151"}],"wp:featuredmedia":[{"embeddable":true,"href":"https:\/\/maldives.com.ar\/minorista\/wp-json\/wp\/v2\/media\/173"}],"wp:attachment":[{"href":"https:\/\/maldives.com.ar\/minorista\/wp-json\/wp\/v2\/media?parent=151"}],"wp:term":[{"taxonomy":"product_brand","embeddable":true,"href":"https:\/\/maldives.com.ar\/minorista\/wp-json\/wp\/v2\/product_brand?post=151"},{"taxonomy":"product_cat","embeddable":true,"href":"https:\/\/maldives.com.ar\/minorista\/wp-json\/wp\/v2\/product_cat?post=151"},{"taxonomy":"product_tag","embeddable":true,"href":"https:\/\/maldives.com.ar\/minorista\/wp-json\/wp\/v2\/product_tag?post=151"}],"curies":[{"name":"wp","href":"https:\/\/api.w.org\/{rel}","templated":true}]}}